{"id":34,"date":"2016-07-21T10:17:56","date_gmt":"2016-07-21T08:17:56","guid":{"rendered":"http:\/\/lebens.fit\/?page_id=34"},"modified":"2020-05-25T22:12:58","modified_gmt":"2020-05-25T20:12:58","slug":"startseite","status":"publish","type":"page","link":"https:\/\/lebens.fit\/","title":{"rendered":"Startseite"},"content":{"rendered":"<p>lebens.fit richtet seine Angebote an junge Menschen aus allen sozialen Schichten und Lebenssituationen und unterst\u00fctzt Kinder und Jugendliche in ihrer Pers\u00f6nlichkeitsentwicklung.<\/p>\n<p>Je nach Projekt und Anforderung erstelle ich Teams mit K\u00fcnstlern, Musikp\u00e4dagogen, Sprachheiltherapeuten, Waldp\u00e4dagogen und vielen weiteren Experten.<\/p>\n<p>Wir f\u00f6rdern so die Kreativit\u00e4t der Teilnehmer, st\u00e4rken ihre Kompetenzen, motivieren und begleiten jeden Jugendlichen individuell.\u00a0Ein respektvolles Miteinander von Mensch und Natur spielt ebenso eine wichtige Rolle wie Nachhaltigkeit und Schutz von Ressourcen unserer Erde.<\/p>\n<p>Nur durch praktisches Erfahren k\u00f6nnen Vorurteile beseitigt werden &#8211; beruflich, wie privat.\u00a0Dabei wechseln unsere Lernorte von Natur, zu Kunstwerkstatt, K\u00fcche und unseren ruhigen R\u00e4umlichkeiten. Zu diesen Themen habe ich effektive Konzepte entwickelt, um jungen Menschen Alltagskompetenzen zu vermitteln.\u00a0Hier greift der Kompetenznachweis Kultur ( KNK ),\u00a0 gef\u00f6rdert vom Bundesministerium f\u00fcr Familie, Senioren, Frauen und Jugend, als anerkannter Bildungspass, der von mir nach jedem Projekt, f\u00fcr jeden Jugendlichen, ausgestellt wird.<\/p>\n<p><strong>Die lebens.fit-Projekte finanzieren sich \u00fcber Sponsoring.<br \/>\n<\/strong><strong>Schulen, Unternehmen und Stiftungen k\u00f6nnen hier Partner sein. Seit 2017 gibt es auch unseren gemeinn\u00fctzigen Verein lebens.fit e.V. <\/strong><\/p>\n<div id='1' class='widgets_on_page wop_tiny1  wop_small1  wop_medium1  wop_large1  wop_wide1'>\n\t\t\t<ul><li id=\"dorayaki_service-2\" class=\"widget widget_dorayaki_service\">\n\t\t\t<a class=\"service-box\" href=\"https:\/\/lebens.fit\/index.php\/alltag\/\">\n\t\t\t\t<img decoding=\"async\" src=\"https:\/\/lebens.fit\/wp-content\/themes\/dorayaki\/images\/icon_alltag.png\" alt=\"Alltag\" class=\"service-img\">\n\t\t\t\t<span class=\"service-name\">Alltag<\/span>\n\t\t\t\t<span class=\"service-info\"><\/span>\n\t\t\t<\/a><!-- end .service-box -->\n\n\t\t <\/li><li id=\"dorayaki_service-3\" class=\"widget widget_dorayaki_service\">\n\t\t\t<a class=\"service-box\" href=\"https:\/\/lebens.fit\/index.php\/schule-beruf\/\">\n\t\t\t\t<img decoding=\"async\" src=\"https:\/\/lebens.fit\/wp-content\/themes\/dorayaki\/images\/icon_schule.png\" alt=\"Schule \/ Beruf\" class=\"service-img\">\n\t\t\t\t<span class=\"service-name\">Schule \/ Beruf<\/span>\n\t\t\t\t<span class=\"service-info\"><\/span>\n\t\t\t<\/a><!-- end .service-box -->\n\n\t\t <\/li><li id=\"dorayaki_service-4\" class=\"widget widget_dorayaki_service\">\n\t\t\t<a class=\"service-box\" href=\"https:\/\/lebens.fit\/index.php\/integration\/\">\n\t\t\t\t<img decoding=\"async\" src=\"https:\/\/lebens.fit\/wp-content\/themes\/dorayaki\/images\/icon_integration.png\" alt=\"Integration\" class=\"service-img\">\n\t\t\t\t<span class=\"service-name\">Integration<\/span>\n\t\t\t\t<span class=\"service-info\"><\/span>\n\t\t\t<\/a><!-- end .service-box -->\n\n\t\t <\/li><\/ul><\/div><!-- widgets_on_page -->\n","protected":false},"excerpt":{"rendered":"<p>lebens.fit richtet seine Angebote an junge Menschen aus allen sozialen Schichten und Lebenssituationen und unterst\u00fctzt Kinder und Jugendliche in ihrer Pers\u00f6nlichkeitsentwicklung. Je nach Projekt und Anforderung erstelle ich Teams mit K\u00fcnstlern, Musikp\u00e4dagogen, Sprachheiltherapeuten, Waldp\u00e4dagogen und vielen weiteren Experten. Wir f\u00f6rdern so die Kreativit\u00e4t der Teilnehmer, st\u00e4rken &hellip; <\/p>\n<p><a href=\"https:\/\/lebens.fit\/\" class=\"more-link\"><span class=\"morelink-icon\">Weiterlesen<\/span><\/a><\/p>\n","protected":false},"author":1,"featured_media":0,"parent":0,"menu_order":0,"comment_status":"closed","ping_status":"closed","template":"page-templates\/full-width.php","meta":{"footnotes":""},"_links":{"self":[{"href":"https:\/\/lebens.fit\/index.php\/wp-json\/wp\/v2\/pages\/34"}],"collection":[{"href":"https:\/\/lebens.fit\/index.php\/wp-json\/wp\/v2\/pages"}],"about":[{"href":"https:\/\/lebens.fit\/index.php\/wp-json\/wp\/v2\/types\/page"}],"author":[{"embeddable":true,"href":"https:\/\/lebens.fit\/index.php\/wp-json\/wp\/v2\/users\/1"}],"replies":[{"embeddable":true,"href":"https:\/\/lebens.fit\/index.php\/wp-json\/wp\/v2\/comments?post=34"}],"version-history":[{"count":27,"href":"https:\/\/lebens.fit\/index.php\/wp-json\/wp\/v2\/pages\/34\/revisions"}],"predecessor-version":[{"id":483,"href":"https:\/\/lebens.fit\/index.php\/wp-json\/wp\/v2\/pages\/34\/revisions\/483"}],"wp:attachment":[{"href":"https:\/\/lebens.fit\/index.php\/wp-json\/wp\/v2\/media?parent=34"}],"curies":[{"name":"wp","href":"https:\/\/api.w.org\/{rel}","templated":true}]}}