{"id":258,"date":"2017-07-01T13:18:18","date_gmt":"2017-07-01T11:18:18","guid":{"rendered":"http:\/\/lebens.fit\/?page_id=258"},"modified":"2024-02-27T18:06:40","modified_gmt":"2024-02-27T17:06:40","slug":"netzwerkpartner","status":"publish","type":"page","link":"https:\/\/lebens.fit\/index.php\/netzwerkpartner\/","title":{"rendered":"Netzwerkpartner"},"content":{"rendered":"\n<p>Auf diesem Wege m\u00f6chten wir allen Unterst\u00fctzern DANKE sagen. Ohne ihre Hilfe und ihre Spenden w\u00e4ren unsere Projekte nicht so erfolgreich gewesen.<\/p>\n\n\n\n<p>Zeigen auch Sie Interesse an kultureller Bildungsf\u00f6rderung und unterst\u00fctzen uns bei unserer Arbeit mit jungen Menschen.<\/p>\n\n\n\n<div class=\"wp-block-group is-layout-constrained wp-block-group-is-layout-constrained\"><div class=\"wp-block-group__inner-container\">\n<div class=\"wp-block-columns are-vertically-aligned-center is-layout-flex wp-container-core-columns-layout-1 wp-block-columns-is-layout-flex\">\n<div class=\"wp-block-column is-layout-flow wp-block-column-is-layout-flow\"><div class=\"wp-block-image\">\n<figure class=\"aligncenter size-full is-resized\"><a href=\"https:\/\/kinderlachen.de\"><img loading=\"lazy\" decoding=\"async\" width=\"288\" height=\"140\" src=\"https:\/\/lebens.fit\/wp-content\/uploads\/2017\/08\/Kinderlachen-Logo.png\" alt=\"\" class=\"wp-image-300\" style=\"width:177px;height:auto\"\/><\/a><\/figure><\/div><\/div>\n\n\n\n<div class=\"wp-block-column is-layout-flow wp-block-column-is-layout-flow\"><div class=\"wp-block-image\">\n<figure class=\"aligncenter size-full is-resized\"><a href=\"https:\/\/www.mitarbeit.de\"><img loading=\"lazy\" decoding=\"async\" width=\"288\" height=\"140\" src=\"https:\/\/lebens.fit\/wp-content\/uploads\/2017\/07\/logo_stiftung_mitarbeit-1.png\" alt=\"\" class=\"wp-image-304\" style=\"width:175px;height:auto\"\/><\/a><\/figure><\/div><\/div>\n\n\n\n<div class=\"wp-block-column is-layout-flow wp-block-column-is-layout-flow\"><div class=\"wp-block-image\">\n<figure class=\"aligncenter size-full is-resized\"><a href=\"https:\/\/www.wald-und-holz.nrw.de\/\"><img loading=\"lazy\" decoding=\"async\" width=\"288\" height=\"140\" src=\"https:\/\/lebens.fit\/wp-content\/uploads\/2017\/07\/Landesbetrieb-Wald-und-Holz_NRW_Logo.png\" alt=\"\" class=\"wp-image-315\" style=\"width:276px;height:auto\"\/><\/a><\/figure><\/div><\/div>\n<\/div>\n<\/div><\/div>\n\n\n\n<div class=\"wp-block-group is-layout-constrained wp-block-group-is-layout-constrained\"><div class=\"wp-block-group__inner-container\">\n<div class=\"wp-block-columns are-vertically-aligned-center is-layout-flex wp-container-core-columns-layout-2 wp-block-columns-is-layout-flex\">\n<div class=\"wp-block-column is-layout-flow wp-block-column-is-layout-flow\"><div class=\"wp-block-image\">\n<figure class=\"aligncenter size-full is-resized\"><a href=\"https:\/\/www.aktion-mensch.de\"><img loading=\"lazy\" decoding=\"async\" width=\"288\" height=\"140\" src=\"https:\/\/lebens.fit\/wp-content\/uploads\/2017\/07\/Aktion_Mensch_Logo.png\" alt=\"\" class=\"wp-image-316\" style=\"width:177px;height:auto\"\/><\/a><\/figure><\/div><\/div>\n\n\n\n<div class=\"wp-block-column is-layout-flow wp-block-column-is-layout-flow\"><div class=\"wp-block-image\">\n<figure class=\"aligncenter size-full is-resized\"><a href=\"https:\/\/www.jugendhilfe-elisabeth.de\/\"><img loading=\"lazy\" decoding=\"async\" width=\"288\" height=\"140\" src=\"https:\/\/lebens.fit\/wp-content\/uploads\/2018\/12\/Logo_Jugendhilfe-St.-Elisabeth_web.png\" alt=\"\" class=\"wp-image-394\" style=\"width:206px;height:auto\"\/><\/a><\/figure><\/div><\/div>\n\n\n\n<div class=\"wp-block-column is-layout-flow wp-block-column-is-layout-flow\"><div class=\"wp-block-image\">\n<figure class=\"aligncenter size-full is-resized\"><img loading=\"lazy\" decoding=\"async\" width=\"288\" height=\"140\" src=\"https:\/\/lebens.fit\/wp-content\/uploads\/2017\/07\/Zertifikat_Waldp\u00e4dagogik_Logo.png\" alt=\"\" class=\"wp-image-314\" style=\"width:212px;height:auto\"\/><\/figure><\/div><\/div>\n<\/div>\n<\/div><\/div>\n\n\n\n<div class=\"wp-block-group is-layout-constrained wp-block-group-is-layout-constrained\"><div class=\"wp-block-group__inner-container\">\n<div class=\"wp-block-columns are-vertically-aligned-center is-layout-flex wp-container-core-columns-layout-3 wp-block-columns-is-layout-flex\">\n<div class=\"wp-block-column is-layout-flow wp-block-column-is-layout-flow\"><div class=\"wp-block-image\">\n<figure class=\"aligncenter size-full is-resized\"><a href=\"http:\/\/www.hauptschule-husen.de\/\"><img loading=\"lazy\" decoding=\"async\" width=\"288\" height=\"140\" src=\"https:\/\/lebens.fit\/wp-content\/uploads\/2017\/07\/hauptschule_husen.png\" alt=\"\" class=\"wp-image-338\" style=\"width:213px;height:auto\"\/><\/a><\/figure><\/div><\/div>\n\n\n\n<div class=\"wp-block-column is-layout-flow wp-block-column-is-layout-flow\"><div class=\"wp-block-image\">\n<figure class=\"aligncenter size-full is-resized\"><a href=\"https:\/\/www.forsthaus-haidberg.de\"><img loading=\"lazy\" decoding=\"async\" width=\"288\" height=\"140\" src=\"https:\/\/lebens.fit\/wp-content\/uploads\/2017\/07\/forsthaus_haidberg.png\" alt=\"\" class=\"wp-image-339\" style=\"width:206px;height:auto\"\/><\/a><\/figure><\/div><\/div>\n\n\n\n<div class=\"wp-block-column is-layout-flow wp-block-column-is-layout-flow\"><div class=\"wp-block-image\">\n<figure class=\"aligncenter size-full is-resized\"><a href=\"https:\/\/www.sparkasse-dortmund.de\/de\/home.html\"><img loading=\"lazy\" decoding=\"async\" width=\"288\" height=\"140\" src=\"https:\/\/lebens.fit\/wp-content\/uploads\/2018\/05\/sparkasse_logo.png\" alt=\"\" class=\"wp-image-348\" style=\"width:212px;height:auto\"\/><\/a><\/figure><\/div><\/div>\n<\/div>\n<\/div><\/div>\n\n\n\n<div class=\"wp-block-group is-layout-constrained wp-block-group-is-layout-constrained\"><div class=\"wp-block-group__inner-container\">\n<div class=\"wp-block-columns are-vertically-aligned-center is-layout-flex wp-container-core-columns-layout-4 wp-block-columns-is-layout-flex\">\n<div class=\"wp-block-column is-layout-flow wp-block-column-is-layout-flow\"><div class=\"wp-block-image\">\n<figure class=\"aligncenter size-full is-resized\"><a href=\"https:\/\/lag-km.de\"><img loading=\"lazy\" decoding=\"async\" width=\"288\" height=\"140\" src=\"https:\/\/lebens.fit\/wp-content\/uploads\/2018\/08\/LAG_Logo.png\" alt=\"\" class=\"wp-image-361\" style=\"width:213px;height:auto\"\/><\/a><\/figure><\/div><\/div>\n\n\n\n<div class=\"wp-block-column is-layout-flow wp-block-column-is-layout-flow\"><div class=\"wp-block-image\">\n<figure class=\"aligncenter size-full is-resized\"><a href=\"https:\/\/www.dortmund-airport.com\/\"><img loading=\"lazy\" decoding=\"async\" width=\"288\" height=\"140\" src=\"https:\/\/lebens.fit\/wp-content\/uploads\/2018\/10\/Flughafen_Dortmund.png\" alt=\"\" class=\"wp-image-368\" style=\"width:246px;height:auto\"\/><\/a><\/figure><\/div><\/div>\n\n\n\n<div class=\"wp-block-column is-layout-flow wp-block-column-is-layout-flow\"><div class=\"wp-block-image\">\n<figure class=\"aligncenter size-full is-resized\"><a href=\"https:\/\/bewusst-wie-ev.de\"><img loading=\"lazy\" decoding=\"async\" width=\"288\" height=\"140\" src=\"https:\/\/lebens.fit\/wp-content\/uploads\/2018\/10\/CSR-Netzwerk.png\" alt=\"\" class=\"wp-image-370\" style=\"width:288px;height:auto\"\/><\/a><\/figure><\/div><\/div>\n<\/div>\n<\/div><\/div>\n\n\n<div class=\"wp-block-image\">\n<figure class=\"aligncenter size-large\"><img loading=\"lazy\" decoding=\"async\" width=\"1024\" height=\"236\" src=\"https:\/\/lebens.fit\/wp-content\/uploads\/2019\/08\/Logozeile-Farbspielr\u00e4ume-1024x236.jpg\" alt=\"\" class=\"wp-image-409\" srcset=\"https:\/\/lebens.fit\/wp-content\/uploads\/2019\/08\/Logozeile-Farbspielr\u00e4ume-1024x236.jpg 1024w, https:\/\/lebens.fit\/wp-content\/uploads\/2019\/08\/Logozeile-Farbspielr\u00e4ume-300x69.jpg 300w, https:\/\/lebens.fit\/wp-content\/uploads\/2019\/08\/Logozeile-Farbspielr\u00e4ume-768x177.jpg 768w, https:\/\/lebens.fit\/wp-content\/uploads\/2019\/08\/Logozeile-Farbspielr\u00e4ume.jpg 1386w\" sizes=\"(max-width: 1024px) 100vw, 1024px\" \/><\/figure><\/div>\n\n\n<div class=\"wp-block-group is-layout-constrained wp-block-group-is-layout-constrained\"><div class=\"wp-block-group__inner-container\">\n<div class=\"wp-block-columns are-vertically-aligned-center is-layout-flex wp-container-core-columns-layout-5 wp-block-columns-is-layout-flex\">\n<div class=\"wp-block-column is-layout-flow wp-block-column-is-layout-flow\"><div class=\"wp-block-image\">\n<figure class=\"aligncenter size-full is-resized\"><a href=\"https:\/\/www.stadtteil-schule.de\"><img loading=\"lazy\" decoding=\"async\" width=\"1635\" height=\"857\" src=\"https:\/\/lebens.fit\/wp-content\/uploads\/2019\/09\/Stadtteil_Schule-Dortmund-e.V.-Logo-Offiziell.png\" alt=\"\" class=\"wp-image-412\" style=\"width:213px;height:auto\" srcset=\"https:\/\/lebens.fit\/wp-content\/uploads\/2019\/09\/Stadtteil_Schule-Dortmund-e.V.-Logo-Offiziell.png 1635w, https:\/\/lebens.fit\/wp-content\/uploads\/2019\/09\/Stadtteil_Schule-Dortmund-e.V.-Logo-Offiziell-300x157.png 300w, https:\/\/lebens.fit\/wp-content\/uploads\/2019\/09\/Stadtteil_Schule-Dortmund-e.V.-Logo-Offiziell-768x403.png 768w, https:\/\/lebens.fit\/wp-content\/uploads\/2019\/09\/Stadtteil_Schule-Dortmund-e.V.-Logo-Offiziell-1024x537.png 1024w\" sizes=\"(max-width: 1635px) 100vw, 1635px\" \/><\/a><\/figure><\/div><\/div>\n\n\n\n<div class=\"wp-block-column is-layout-flow wp-block-column-is-layout-flow\"><div class=\"wp-block-image\">\n<figure class=\"aligncenter size-full is-resized\"><a href=\"https:\/\/deutschland.innerwheel.de\/\"><img loading=\"lazy\" decoding=\"async\" width=\"2048\" height=\"2048\" src=\"https:\/\/lebens.fit\/wp-content\/uploads\/2020\/02\/Inner-Wheel-Club-Dortmund_Logo.png\" alt=\"\" class=\"wp-image-432\" style=\"width:149px;height:auto\" srcset=\"https:\/\/lebens.fit\/wp-content\/uploads\/2020\/02\/Inner-Wheel-Club-Dortmund_Logo.png 2048w, https:\/\/lebens.fit\/wp-content\/uploads\/2020\/02\/Inner-Wheel-Club-Dortmund_Logo-150x150.png 150w, https:\/\/lebens.fit\/wp-content\/uploads\/2020\/02\/Inner-Wheel-Club-Dortmund_Logo-300x300.png 300w, https:\/\/lebens.fit\/wp-content\/uploads\/2020\/02\/Inner-Wheel-Club-Dortmund_Logo-768x768.png 768w, https:\/\/lebens.fit\/wp-content\/uploads\/2020\/02\/Inner-Wheel-Club-Dortmund_Logo-1024x1024.png 1024w, https:\/\/lebens.fit\/wp-content\/uploads\/2020\/02\/Inner-Wheel-Club-Dortmund_Logo-590x590.png 590w\" sizes=\"(max-width: 2048px) 100vw, 2048px\" \/><\/a><\/figure><\/div><\/div>\n\n\n\n<div class=\"wp-block-column is-layout-flow wp-block-column-is-layout-flow\"><div class=\"wp-block-image\">\n<figure class=\"aligncenter size-full is-resized\"><a href=\"https:\/\/stiftung-soziale-stadt.de\"><img loading=\"lazy\" decoding=\"async\" width=\"680\" height=\"247\" src=\"https:\/\/lebens.fit\/wp-content\/uploads\/2020\/08\/stiftung15_h1.jpg\" alt=\"\" class=\"wp-image-498\" style=\"width:288px;height:auto\" srcset=\"https:\/\/lebens.fit\/wp-content\/uploads\/2020\/08\/stiftung15_h1.jpg 680w, https:\/\/lebens.fit\/wp-content\/uploads\/2020\/08\/stiftung15_h1-300x109.jpg 300w\" sizes=\"(max-width: 680px) 100vw, 680px\" \/><\/a><\/figure><\/div><\/div>\n<\/div>\n<\/div><\/div>\n\n\n\n<div class=\"wp-block-group is-layout-constrained wp-block-group-is-layout-constrained\"><div class=\"wp-block-group__inner-container\">\n<div class=\"wp-block-columns are-vertically-aligned-center is-layout-flex wp-container-core-columns-layout-6 wp-block-columns-is-layout-flex\">\n<div class=\"wp-block-column is-layout-flow wp-block-column-is-layout-flow\"><div class=\"wp-block-image\">\n<figure class=\"aligncenter size-full is-resized\"><a href=\"https:\/\/www.multikulti-forum.de\/de\"><img loading=\"lazy\" decoding=\"async\" width=\"1012\" height=\"1300\" src=\"https:\/\/lebens.fit\/wp-content\/uploads\/2020\/10\/Logo_Multikulti_4c.png\" alt=\"\" class=\"wp-image-513\" style=\"width:137px;height:auto\" srcset=\"https:\/\/lebens.fit\/wp-content\/uploads\/2020\/10\/Logo_Multikulti_4c.png 1012w, https:\/\/lebens.fit\/wp-content\/uploads\/2020\/10\/Logo_Multikulti_4c-234x300.png 234w, https:\/\/lebens.fit\/wp-content\/uploads\/2020\/10\/Logo_Multikulti_4c-797x1024.png 797w, https:\/\/lebens.fit\/wp-content\/uploads\/2020\/10\/Logo_Multikulti_4c-768x987.png 768w\" sizes=\"(max-width: 1012px) 100vw, 1012px\" \/><\/a><\/figure><\/div><\/div>\n\n\n\n<div class=\"wp-block-column is-layout-flow wp-block-column-is-layout-flow\"><div class=\"wp-block-image\">\n<figure class=\"aligncenter size-full is-resized\"><a href=\"https:\/\/www.ch-e.eu\/de\/\"><img loading=\"lazy\" decoding=\"async\" width=\"415\" height=\"177\" src=\"https:\/\/lebens.fit\/wp-content\/uploads\/2021\/03\/Logo-CH_neu2019.png\" alt=\"\" class=\"wp-image-528\" style=\"width:244px;height:auto\" srcset=\"https:\/\/lebens.fit\/wp-content\/uploads\/2021\/03\/Logo-CH_neu2019.png 415w, https:\/\/lebens.fit\/wp-content\/uploads\/2021\/03\/Logo-CH_neu2019-300x128.png 300w\" sizes=\"(max-width: 415px) 100vw, 415px\" \/><\/a><\/figure><\/div><\/div>\n\n\n\n<div class=\"wp-block-column is-layout-flow wp-block-column-is-layout-flow\"><div class=\"wp-block-image\">\n<figure class=\"aligncenter size-full is-resized\"><a href=\"https:\/\/koffler-druck.de\"><img loading=\"lazy\" decoding=\"async\" width=\"130\" height=\"65\" src=\"https:\/\/lebens.fit\/wp-content\/uploads\/2021\/09\/Koffler_DruckManagement_GmbH.png\" alt=\"\" class=\"wp-image-539\" style=\"width:152px;height:auto\"\/><\/a><\/figure><\/div><\/div>\n<\/div>\n<\/div><\/div>\n\n\n\n<div class=\"wp-block-group is-layout-constrained wp-block-group-is-layout-constrained\"><div class=\"wp-block-group__inner-container\">\n<div class=\"wp-block-columns are-vertically-aligned-center is-layout-flex wp-container-core-columns-layout-7 wp-block-columns-is-layout-flex\">\n<div class=\"wp-block-column is-layout-flow wp-block-column-is-layout-flow\"><div class=\"wp-block-image\">\n<figure class=\"aligncenter size-full is-resized\"><a href=\"https:\/\/www.sdw.de\"><img loading=\"lazy\" decoding=\"async\" width=\"70\" height=\"72\" src=\"https:\/\/lebens.fit\/wp-content\/uploads\/2024\/02\/image003.png\" alt=\"\" class=\"wp-image-617\" style=\"width:87px;height:auto\"\/><\/a><\/figure><\/div><\/div>\n\n\n\n<div class=\"wp-block-column is-layout-flow wp-block-column-is-layout-flow\"><div class=\"wp-block-image\">\n<figure class=\"aligncenter size-full is-resized\"><a href=\"https:\/\/www.caritas-dortmund.de\/startseite\/startseite\"><img loading=\"lazy\" decoding=\"async\" width=\"600\" height=\"600\" src=\"https:\/\/lebens.fit\/wp-content\/uploads\/2024\/02\/carido-logo-2020-png.png\" alt=\"\" class=\"wp-image-615\" style=\"width:90px;height:auto\" srcset=\"https:\/\/lebens.fit\/wp-content\/uploads\/2024\/02\/carido-logo-2020-png.png 600w, https:\/\/lebens.fit\/wp-content\/uploads\/2024\/02\/carido-logo-2020-png-300x300.png 300w, https:\/\/lebens.fit\/wp-content\/uploads\/2024\/02\/carido-logo-2020-png-150x150.png 150w, https:\/\/lebens.fit\/wp-content\/uploads\/2024\/02\/carido-logo-2020-png-590x590.png 590w\" sizes=\"(max-width: 600px) 100vw, 600px\" \/><\/a><\/figure><\/div><\/div>\n\n\n\n<div class=\"wp-block-column is-layout-flow wp-block-column-is-layout-flow\"><div class=\"wp-block-image\">\n<figure class=\"aligncenter size-large is-resized\"><a href=\"https:\/\/www.mrrdo.com\"><img loading=\"lazy\" decoding=\"async\" width=\"1024\" height=\"363\" src=\"https:\/\/lebens.fit\/wp-content\/uploads\/2024\/02\/Logo-Marie-Reinders-Realschule-1024x363.jpg\" alt=\"\" class=\"wp-image-609\" style=\"width:276px;height:auto\" srcset=\"https:\/\/lebens.fit\/wp-content\/uploads\/2024\/02\/Logo-Marie-Reinders-Realschule-1024x363.jpg 1024w, https:\/\/lebens.fit\/wp-content\/uploads\/2024\/02\/Logo-Marie-Reinders-Realschule-300x106.jpg 300w, https:\/\/lebens.fit\/wp-content\/uploads\/2024\/02\/Logo-Marie-Reinders-Realschule-768x272.jpg 768w, https:\/\/lebens.fit\/wp-content\/uploads\/2024\/02\/Logo-Marie-Reinders-Realschule.jpg 1304w\" sizes=\"(max-width: 1024px) 100vw, 1024px\" \/><\/a><\/figure><\/div><\/div>\n<\/div>\n<\/div><\/div>\n\n\n\n<div class=\"wp-block-group is-layout-constrained wp-block-group-is-layout-constrained\"><div class=\"wp-block-group__inner-container\">\n<div class=\"wp-block-columns are-vertically-aligned-center is-layout-flex wp-container-core-columns-layout-8 wp-block-columns-is-layout-flex\">\n<div class=\"wp-block-column is-layout-flow wp-block-column-is-layout-flow\"><div class=\"wp-block-image\">\n<figure class=\"aligncenter size-full is-resized\"><a href=\"https:\/\/solydfilm.com\"><img loading=\"lazy\" decoding=\"async\" width=\"2000\" height=\"1125\" src=\"https:\/\/lebens.fit\/wp-content\/uploads\/2024\/02\/Logo-solydfilm.png\" alt=\"\" class=\"wp-image-614\" style=\"width:255px;height:auto\" srcset=\"https:\/\/lebens.fit\/wp-content\/uploads\/2024\/02\/Logo-solydfilm.png 2000w, https:\/\/lebens.fit\/wp-content\/uploads\/2024\/02\/Logo-solydfilm-300x169.png 300w, https:\/\/lebens.fit\/wp-content\/uploads\/2024\/02\/Logo-solydfilm-1024x576.png 1024w, https:\/\/lebens.fit\/wp-content\/uploads\/2024\/02\/Logo-solydfilm-768x432.png 768w, https:\/\/lebens.fit\/wp-content\/uploads\/2024\/02\/Logo-solydfilm-1536x864.png 1536w\" sizes=\"(max-width: 2000px) 100vw, 2000px\" \/><\/a><\/figure><\/div><\/div>\n\n\n\n<div class=\"wp-block-column is-layout-flow wp-block-column-is-layout-flow\"><\/div>\n\n\n\n<div class=\"wp-block-column is-layout-flow wp-block-column-is-layout-flow\"><\/div>\n<\/div>\n<\/div><\/div>\n","protected":false},"excerpt":{"rendered":"<p>Auf diesem Wege m\u00f6chten wir allen Unterst\u00fctzern DANKE sagen. Ohne ihre Hilfe und ihre Spenden w\u00e4ren unsere Projekte nicht so erfolgreich gewesen. Zeigen auch Sie Interesse an kultureller Bildungsf\u00f6rderung und unterst\u00fctzen uns bei unserer Arbeit mit jungen Menschen.<\/p>\n","protected":false},"author":1,"featured_media":0,"parent":0,"menu_order":0,"comment_status":"closed","ping_status":"closed","template":"","meta":{"footnotes":""},"_links":{"self":[{"href":"https:\/\/lebens.fit\/index.php\/wp-json\/wp\/v2\/pages\/258"}],"collection":[{"href":"https:\/\/lebens.fit\/index.php\/wp-json\/wp\/v2\/pages"}],"about":[{"href":"https:\/\/lebens.fit\/index.php\/wp-json\/wp\/v2\/types\/page"}],"author":[{"embeddable":true,"href":"https:\/\/lebens.fit\/index.php\/wp-json\/wp\/v2\/users\/1"}],"replies":[{"embeddable":true,"href":"https:\/\/lebens.fit\/index.php\/wp-json\/wp\/v2\/comments?post=258"}],"version-history":[{"count":57,"href":"https:\/\/lebens.fit\/index.php\/wp-json\/wp\/v2\/pages\/258\/revisions"}],"predecessor-version":[{"id":634,"href":"https:\/\/lebens.fit\/index.php\/wp-json\/wp\/v2\/pages\/258\/revisions\/634"}],"wp:attachment":[{"href":"https:\/\/lebens.fit\/index.php\/wp-json\/wp\/v2\/media?parent=258"}],"curies":[{"name":"wp","href":"https:\/\/api.w.org\/{rel}","templated":true}]}}